-32
Let d(x) = -19*x + 27 - 25*x + 83*x - 20*x - 18*x. Calculate d(-13).
14
Let c(l) = -4*l**3 - l**2 - 5*l - 2. Let g(i) = 7*i**3 + i**2 + 9*i + 3. Let v(p) = 5*c(p) + 3*g(p). Give v(3).
14
Let x(u) = 3*u - 3. Let f = 213 - 217. Calculate x(f).
-15
Let t(x) be the second derivative of 8*x + 1/6*x**3 + 0 + 1/2*x**2. Suppose 0 = 5*o - 5 + 30. Give t(o).
-4
Let r(m) = -45*m + 46*m + 0 - 1. Calculate r(1).
0
Let z(j) = 22*j**2 + 4*j - 15. Let a(r) = -64*r**2 - 11*r + 43. Let f(y) = -6*a(y) - 17*z(y). Give f(-1).
9
Let d(w) be the third derivative of -w**5/60 + w**4/12 + 4*w**3/3 + 3*w**2 + 4*w. Let a(n) = -n + 7. Let z be a(6). Let c be (-44)/(-8) + z/2. Give d(c).
-16
Let d(b) = -3*b**2 + 4*b - 1. Let l be -1*17/(-5) - (-22)/(-55). What is d(l)?
-16
Let h(i) = 5 + 2*i - 2*i - 6*i + 5*i. Let g be h(3). Suppose g*p + 3*p = 0. Let b(u) = -u + 4. Determine b(p).
4
Suppose 3*r + 11 = -j, 14*r = 17*r - 3*j + 15. Let x(q) = 3*q - 13. Calculate x(r).
-25
Let c = 123 - 88. Let u(i) = -i**2 - 3*i - 7. Let x be u(4). Let z = x + c. Let y(a) = -a**2. Give y(z).
0
Let k(z) be the first derivative of z**5/20 + 2*z**4/3 + 4*z**3/3 + 2*z**2 - z + 11. Let d(u) be the first derivative of k(u). Calculate d(-7).
-3
Let l(o) = 5*o**2 - 4*o - 3. Let f(w) = 11*w**2 - 9*w - 7. Let h(n) = 3*f(n) - 7*l(n). Let u = 4 + -8. Let a = u - -3. What is h(a)?
-3
Suppose -16*s + 14*s = -4*i - 16, -5*s = -4*i - 10. Let p(c) = -2*c**2 - 25*c - 21. Let n(u) = u**2 + 12*u + 10. Let v(t) = 13*n(t) + 6*p(t). Calculate v(i).
-1
Let x = -63 + 57. Let w(c) = -c**2 - 7*c - 13. Calculate w(x).
-7
Let a = 872 + -866. Let i(t) = t**2 - 8*t - 8. Give i(a).
-20
Suppose -5*l + 10*l + 9 = -m, l + 2*m = -9. Let h(y) = -9*y + 1. Determine h(l).
10
Let v = 14 - 11. Let k be v + 2/((-10)/55). Let b(d) = -d - 7. Determine b(k).
1
Let l be (-2)/(-2)*0*(-3 + 2). Let y(t) = t**3 + 3*t + 3. Let m be y(l). Let v(k) = k**3 - 4*k**2 - k + 1. Give v(m).
-11
Let x(p) = 9*p**2 - 3*p + 2. Suppose 9 = -g - 12*m + 10*m, g - 31 = 6*m. Give x(g).
8
Let k(m) = -32*m + 3*m - 3 + 30*m. Determine k(2).
-1
Let t(x) = -x**3 - 3. Suppose -4*p + 5*k - 4*k = -51, k - 61 = -4*p. Let b = -14 + p. Suppose -2*j - 9 = 3*s - b*s, 0 = -4*s - 12. Determine t(j).
-3
Let w(b) be the second derivative of -b**5/5 + b**4/6 + b**3/3 + b**2/2 + 336*b. Calculate w(-2).
37
Let w(t) = -t**3 - 6*t**2 + 8*t + 1. Let m be w(-7). Let p(q) = q**3 - 5*q**2 - q + 11. Let g be p(5). Let x(y) = -3*y + 5 + 2*y - g. Calculate x(m).
5
Let z(k) be the first derivative of -k**4/4 - 2*k**3 - 3*k**2/2 - k - 159. Calculate z(-3).
-19
Let z(h) = 149*h**2 - 150*h**2 + 9*h - h - 9. What is z(7)?
-2
Suppose 0 = -308*s + 298*s + 40. Let z(n) = 7*n - 8. Calculate z(s).
20
Let i(l) = 8 + 2 + 6*l - 23*l + 13*l. Give i(7).
-18
Suppose 7*a = -8*a + 240. Suppose -3 + 0 = p. Let j be p*(a/(-6) + 2). Let o(s) = s**3 - 2*s**2 - s + 2. What is o(j)?
0
Let a(m) be the first derivative of m**3/3 - 3*m**2/2 - m + 5. Give a(3).
-1
Suppose 0 = 5*s - 57 + 12. Suppose -y + s - 15 = 0. Let r(m) = 6*m + 13. Let h(c) = -c. Let v(p) = 5*h(p) + r(p). Calculate v(y).
7
Suppose -7*p + 4*i + 8 = -3*p, 0 = -2*p + 3*i + 2. Let k(c) = 2*c**2 - 2*c - 3. Determine k(p).
21
Let s(t) = -2 + 2 + t**2 + 3*t. Suppose 0 = 7*m - 2 + 23. What is s(m)?
0
Let t(a) = -3*a + 2. Let d(m) = -3*m + 7. Let h(q) = 10*q - 20. Let z(o) = 11*d(o) + 4*h(o). Let f(n) = -5*t(n) - 2*z(n). Let y = -119 - -121. Give f(y).
-2
Let q(k) = k**3 - 7*k**2 + 7*k - 5. Let f be (-2)/(-6)*(0 + 6). Suppose -116 = -3*m + f*i + 2*i, -4*m - 4*i = -164. Let r be 10/(-3)*(-72)/m. What is q(r)?
1
Let i(x) = -55227 - 3*x**2 - x + x**2 + 55242. Give i(0).
15
Let y(q) be the first derivative of q**3/3 - 6*q**2 + 14*q + 52. Let u be (-1)/(-2)*10/(-4)*-8. Give y(u).
-6
Let u(z) = -z**3 + 4*z - 3. Suppose 42 = -3*t + 17*t. Calculate u(t).
-18
Let t(z) be the third derivative of 0 + 1/30*z**5 + 0*z + 1/24*z**4 + 12*z**2 - 1/2*z**3. Let d(b) = 2*b**3 - 2*b**2 - b. Let r be d(-1). Give t(r).
12
Let v(t) = 5*t**3 - 10*t**2 - 6*t. Let x(g) = -4*g**3 + 9*g**2 + 5*g + 1. Let f(u) = 3*v(u) + 4*x(u). What is f(6)?
16
Let t(u) = -u - u - 5*u. Suppose -3*o - 3 = -2*v - 2*o, -v = -o - 4. Calculate t(v).
7
Let d be 102/(-68)*6*-1. Let u(p) = -4*p + 38. Determine u(d).
2
Let f(p) = -2*p**2 - 5*p - 2. Let c be f(-3). Let r = c - -9. Let l(m) = 2 + 8*m**2 + 1 + 8*m - 18*m - 7*m**2 + 6*m. Give l(r).
3
Suppose -13*x + 17*x = 32. Suppose 0 = x*m + m - 45. Let g(y) = -y**3 + 4*y**2 + 4*y. Give g(m).
-5
Let g(q) be the second derivative of -2*q + q**2 - 1/6*q**3 + 0 + 0*q**4 - 1/20*q**5. Give g(0).
2
Suppose 2*t + 3*p = -1, 6*t = 4*t - 2*p - 4. Let u(m) = -6 - 5*m + 2*m - m. Give u(t).
14
Let p = -8 - 0. Let w(q) = 5 + 0 - 49*q - 29*q + 2 + 79*q. Give w(p).
-1
Suppose -55*r + 53*r = -p + 8, 0 = -3*p + 2*r + 40. Let h(q) = q**3 - 14*q**2 - 31*q - 16. Determine h(p).
0
Let g be 5/20*5*(2 - -6). Suppose 5*a + 30 = g. Let z(u) = u**3 + 5*u**2 + 4*u - 2. Give z(a).
-2
Let g be 8/12*3 + 1. Suppose -g*o = -1 - 5. Suppose 2*c - 7*c = 5*y - 35, -y - 2 = -o*c. Let j(i) = i - 3. Give j(y).
1
Let y(d) be the second derivative of -d**3/6 - 2*d**2 - 2*d. Let o(j) = -j**2 + 22*j - 25. Let p be o(21). Determine y(p).
0
Let p(u) = -11*u - u + 6*u**2 + 13*u. Let d(j) = j - 16. Let o be d(15). What is p(o)?
5
Suppose 0 = 7073*r - 7087*r + 14. Let j(x) be the first derivative of x**4/2 + x**2/2 - 1. What is j(r)?
3
Suppose -2*k + 5 - 16 = 5*i, -5*k + 22 = -4*i. Let r(m) = -k + 1 + 4 - 2 - 5*m. Determine r(-2).
11
Let a be (12/8)/(6/16). Let i be 2/(-9) - a/(-18). Let b(f) = f**3 + 0*f**2 - 5*f**2 + 7 - 8*f + i*f**2. Give b(6).
-5
Let k(b) = -b. Let n(u) = 7*u + 4. Let s(c) = 4*k(c) + n(c). What is s(4)?
16
Let p(t) = -8*t**2 + t + 7. Let b(s) = -2*s**2 + 1. Let c(q) = 6*b(q) - p(q). Calculate c(2).
-19
Let o(v) = -53*v**2 + 2*v + 1. Let d = -657 - -656. Determine o(d).
-54
Let l(o) = o**2 + 8*o + 12. Let d be l(-6). Let k(h) = 2 + 9*h**2 - 10*h**2 + h - h**3 - 10. Calculate k(d).
-8
Let n(h) = -9*h**2 + 8*h + 6. Let b(q) = -5*q**2 + 4*q + 3. Let w(a) = 11*b(a) - 6*n(a). Suppose -2*m + 15 = 1. Let l be 4/(12/9) - m. Give w(l).
-3
Let v = 224 + -195. Let s(z) = 3*z + 0*z**3 - 22*z**2 + 48*z**2 - v*z**2 - z**3. Let x be (-2)/1*6/4. What is s(x)?
-9
Suppose 0 = -5*k - 2 + 7. Let i(r) = -7*r**3 + 0*r**3 + 0 + k - 2*r. Let a(h) = h**2 - 18*h - 318. Let l be a(29). Give i(l).
-8
Suppose 2*f = 2*z + 10, 20 = -f + 3*z + 23. Let g(w) = w**2 - 2*w - 15. Give g(f).
9
Let l(k) = k**2 - k. Let w be l(-1). Suppose -5*h - 13 = -y, -w*y = -y + h - 1. Let s(x) = -6*x**2 + y*x + 2*x**2 + 5 + 3*x**2. Give s(5).
-5
Let b(t) = 25*t**3 + 2*t**2 - 1. Let d(s) = 23*s - 26 - 3*s**2 + 2*s**2 + 0*s**2 - 35. Let x be d(20). What is b(x)?
-24
Let d be (-3)/12 + (-25)/(-4). Let g(j) be the second derivative of -26*j - 1/20*j**5 + 5/6*j**3 + 0 + 5/12*j**4 + 1/2*j**2. What is g(d)?
-5
Let h be 56/(-28)*10/(-4). Suppose -4*y + 5*x = -27, -y + h*x - 45 = -6*y. Let f(b) = b - 8. Calculate f(y).
0
Let r(x) = 6. Let j(f) = -8*f + 25. Let o(b) = j(b) - 5*r(b). Calculate o(-7).
51
Let i(k) = -k + 10. Let g be i(6). Let s(c) be the third derivative of c**5/60 - c**4/8 - 5*c**3/6 - 18*c**2. Calculate s(g).
-1
Let m(z) = 13*z**3 - 15*z**2 + 8*z - 17. Let o(h) = -3*h**3 + 4*h**2 - 2*h + 4. Let y(v) = -2*m(v) - 9*o(v). What is y(4)?
-26
Let s = -52 + 30. Let p = -26 - s. Let h(k) = -1 - 4 + 2 + k**2 + 5*k. Determine h(p).
-7
Let d(z) = 2*z - 9. Let l be d(8). Let b(g) be the second derivative of g**5/20 - 2*g**4/3 + g**3/2 + 5*g**2/2 + 405*g. What is b(l)?
-23
Let c(y) = -4*y**3 + y**2 - 2*y + 1. Let f = -71 + 72. What is c(f)?
-4
Let i(l) be the second derivative of l**3/6 - 11*l. Let w(g) = g**2 + 12*g - 4. Let r(x) = 6*i(x) - w(x). Determine r(-6).
4
Let v(j) be the third derivative of j**6/120 + j**5/20 - j**3/2 - 91*j**2. Let c = 1 + 2. Suppose 4*b - 19 = r, c*r = -4*b + b + 3. What is v(r)?
-3
Suppose j = -5*t + 19, -3*t - 3*j = -2*t - 1. Let c(z) = 5*z**2 + 5. Let q(w) = -4*w**2 - w - 4. Let i(h) = -5*c(h) - 6*q(h). Determine i(t).
7
Let g(d) = -21 - 19 + 3*d - 8 + 55 - 6*d. Determine g(3).
-2
Let q(x) = -2*x + 1. Suppose -2*b - 12 = -8*b. Suppose -a = -3*f - 2, -3*f - 3*a - 4 = -b*f. Give q(f).
3
Let l(u) = -14*u